visor of 799 and l.
17
Let k = 1301 - 1121. What is the greatest common factor of k and 495?
45
Let m(c) = c**3 + 17*c**2 + 9*c - 42. Let j be m(-16). What is the greatest common divisor of j and 190?
10
Suppose 415 = 3*f + 2*c, -3*f + 0*c + 421 = 5*c. What is the highest common divisor of 2 and f?
1
Suppose 4*i - 2*i = g + 9, 0 = 4*i - g - 17. Suppose 175 = v + i*v. Suppose v + 70 = 5*w. What is the greatest common divisor of 63 and w?
21
Let u = -8 - -13. Let b(p) = p**2 - 17*p - 3. Let g be b(19). What is the highest common factor of u and g?
5
Let o = -604 - -635. Calculate the highest common factor of o and 93.
31
Let t(c) be the first derivative of c**4/4 + 4*c**3 + 4*c**2 - 16*c + 10. Let k be t(-11). What is the highest common divisor of k and 136?
17
Let g be 9/1 - (-1453 + 38). What is the highest common divisor of g and 8?
8
Let j be (-133)/(-14) - (-2)/(-4). Calculate the highest common divisor of 423 and j.
9
Let z(i) = i**2 + 10*i - 14. Let q be z(-17). Suppose 2*j - 79 = q. Calculate the highest common divisor of j and 23.
23
Let a = -423 + 458. What is the greatest common factor of 20 and a?
5
Let d = -710 - -1079. What is the greatest common factor of d and 164?
41
Let n be 3 + (2 - (-1 + 1)). Let s be (-3 - -14)/(2/2). Suppose -16*w + 100 = -s*w. Calculate the highest common factor of n and w.
5
Let i(k) = k**2 + 2*k + 2. Let p be i(4). Let y = 400 + -103. Suppose -93 = -6*o + y. Calculate the highest common factor of p and o.
13
Suppose 84*s - 680 = 76*s. Calculate the greatest common divisor of 1615 and s.
85
Let p be 66*22*(-3)/(-12). Let c = p - 237. Let n(v) = 2*v**3 - 15*v**2 - 7*v + 6. Let z be n(8). Calculate the greatest common factor of c and z.
14
Suppose -m + p = -3*m - 190, 0 = 4*m - 5*p + 394. Let l be (-9)/(-2)*m/(-18). Let t = l - 12. What is the greatest common divisor of t and 30?
6
Let d(o) = 6*o**2 - 312*o + 11. Let b be d(52). Calculate the highest common divisor of b and 649.
11
Suppose 12 = -52*b + 53*b. Calculate the greatest common divisor of b and 32.
4
Let j(u) = -24*u**3 - u**2. Let k be j(-1). Calculate the greatest common divisor of k and 253.
23
Suppose -3980 - 2644 = -16*d. Calculate the greatest common factor of 46 and d.
46
Let i = 587 + -7. Suppose -i = -6*g + 620. What is the highest common divisor of g and 25?
25
Let j(g) = 3*g**2 + 3*g - 5. Let k be j(-5). Let m = 254 + -155. Let c = 121 - m. What is the highest common factor of c and k?
11
Let a(f) = f**3 - 4*f**2 + 5*f - 4. Let k be a(4). Suppose 27*j - 28*j = 5*c - 566, -6*c + 648 = -4*j. What is the greatest common factor of c and k?
16
Let s be 2/1 + -5 - (-1 - 2). Suppose -2*b + 3*i + 11 = s, 2*b - 3*i + 7*i - 18 = 0. Calculate the greatest common factor of 35 and b.
7
Suppose 78 = 5*k - 2*k + 3*d, k - d = 26. Calculate the greatest common factor of 832 and k.
26
Suppose -n + 5 = -0. Suppose -2*s = 2*d - 6, -n*s + 0*d = -d - 15. Let z be s + (-2 + 43 - -2). Calculate the highest common factor of 115 and z.
23
Suppose 3*s + 0*h - 86 = h, 90 = 3*s - 3*h. Let l = 143 - 141. Suppose l*w = -4*k + 58, 4*k = -5*w + s + 27. What is the greatest common factor of k and 6?
3
Let a be 2*(-57)/12*-2. Let r = 31 - a. What is the greatest common divisor of r and 48?
12
Let x = -176 + 209. What is the greatest common divisor of 429 and x?
33
Suppose -1404 = 4*c - 16*c. Calculate the greatest common factor of c and 81.
9
Let k(t) = -t + 4. Let a be k(0). Suppose 5*u + a*z = -z + 25, 17 = 3*u + z. What is the greatest common divisor of u and 48?
6
Let o(g) = -g**2 + 3*g + 63. Let j be o(9). Calculate the greatest common divisor of j and 72.
9
Let n = -388 + 394. What is the greatest common divisor of 2 and n?
2
Suppose 0 = -30*p + 33*p - 1320. Calculate the highest common factor of p and 55.
55
Let d(i) = 6*i + 31. Let c be (-1)/2 + 4/8. Let h be d(c). What is the highest common divisor of 341 and h?
31
Let t = 3 + -1. Suppose -c - 25 + t = -4*a, 2*a - 7 = -c. Calculate the greatest common divisor of a and 15.
5
Let g be -74 + ((-20)/(-5) - 2). Let f be g/(-15) - 5/(-25). Suppose -4*w + 9*w = f*t - 40, -5*w = 5*t - 60. Calculate the greatest common factor of 70 and t.
10
Suppose 0 = -2*t - r + 227, 5*t + 5*r + 139 = 694. What is the greatest common factor of 24 and t?
4
Let m(i) = i**2 - 11*i - 13. Let n be m(13). Let q(x) = 4*x**2 - 7*x - 4. Let j be q(7). What is the highest common factor of j and n?
13
Let o(d) = 7*d. Let r be o(-3). Let k be 1*r*24/(-7). What is the highest common divisor of k and 8?
8
Let g = -5 + 9. Suppose -2*j + 12 = g. Suppose -4*r - j*o = -32, 2*o + 12 = 4*r - 2*r. What is the greatest common factor of r and 35?
7
Suppose 44 = q + 3*n, 0*n - n = 3*q - 140. Calculate the greatest common divisor of 47 and q.
47
Suppose 36 = v + 2*h, 0 = -3*v + 2*h + 59 + 25. Suppose k - 5*o + 13 - 40 = 0, 4*o = -12. What is the greatest common divisor of k and v?
6
Suppose 4*n = -4*n + 1088. Let i = -57 - -74. What is the highest common divisor of n and i?
17
Let w(q) = -9*q**2 - 73*q + 7. Let m be w(-8). Calculate the greatest common factor of m and 6.
3
Let n = -37 - -202. Suppose 363 + n = 4*v. What is the highest common factor of v and 12?
12
Let t(j) = -3*j - 9. Suppose -2*h = -4, 3*y + 0*h + 19 = 2*h. Let s be t(y). Suppose -z + s = -82. Calculate the highest common factor of 22 and z.
22
Let r = 93 - -14. Suppose 109*k = r*k + 18. Calculate the highest common factor of 36 and k.
9
Let q(n) = 2*n**3 - 3*n**2 + 3*n - 4. Let a be q(2). Suppose u - 896 = -a*u. Let z = u - 80. What is the greatest common divisor of z and 32?
16
Suppose -13*j + 14 = -6*j. Suppose -j*c + 3*c - 14 = 0. Calculate the greatest common divisor of 4 and c.
2
Let c be (-2 - 2) + 3 - 27. Let r = -7 - c. Suppose -4 = 3*h - 2*v - 3*v, 4*v - 13 = h. What is the highest common factor of h and r?
7
Let p be (0 + -1)/(2/(-4)). Let w be (6/p)/(-1) + 195. Suppose 12 = 4*b, -3*d - b = -2*b - w. Calculate the greatest common divisor of d and 13.
13
Let s = -605 - -722. Let u = 2 - -11. Calculate the greatest common divisor of u and s.
13
Suppose 9 = 3*l + 24, -3*l + 1275 = 5*y. Calculate the greatest common factor of 86 and y.
86
Let y be 5 - (-7)/(42/1188). Calculate the highest common factor of 29 and y.
29
Suppose 0 = -15*j + 713 + 1132. Calculate the highest common factor of 697 and j.
41
Let n(l) = -413*l + 1. Let s be n(-1). Suppose 5*y = s + 301. Calculate the greatest common divisor of y and 13.
13
Let d = 108 + -84. Suppose -2*l - d = -3*l + 4*g, 5*l - g = 196. What is the highest common divisor of 5 and l?
5
Let a = 34 - -29. Let g(w) = 6*w**2 - 7*w - 3. Let x be ((-2)/(-6))/(9/54). Let s be g(x). What is the highest common factor of a and s?
7
Let t be ((-26)/39)/(4/(-162)). Let k = t + -22. What is the greatest common divisor of 55 and k?
5
Let t be 7 + -5 + (-3)/(-1 + -2). What is the highest common divisor of t and 9?
3
Let x = -8 + 14. Suppose -9*h + x*h = -72. What is the greatest common divisor of h and 16?
8
Let z be -4*(2/4)/(2/(-43)). Suppose -39*c = -z*c + 68. What is the greatest common divisor of c and 136?
17
Let d = -68 - -68. Suppose d = -0*g - 2*g + 224. Calculate the highest common factor of 48 and g.
16
Let r(x) = -5*x - 22. Let i be r(-14). Calculate the highest common factor of 312 and i.
24
Let k = 714 - 706. What is the greatest common divisor of k and 328?
8
Let a = 11 + -7. Suppose -a*t + 0*t = -8. Suppose -t*d = -d - 20. Calculate the greatest common factor of d and 5.
5
Let m = -4 + 7. Suppose -14 = -4*u - 2, 2*v - m = 5*u. Let r(o) = -o + 15. Let p be r(6). Calculate the greatest common factor of v and p.
9
Let r = -25 + 45. Suppose r = 5*n, 0 = -5*c - 2*n + 6*n - 56. Let l be (c/6)/(16/(-312)). Calculate the highest common factor of l and 182.
26
Suppose -4*q = -3*d + 72, 4*q + 6 = 4*d - 90. Calculate the highest common divisor of d and 30.
6
Let w = 15 - 7. Let q be (-1 + -1)/(w/(-24)). What is the greatest common factor of 24 and q?
6
Let a be 1890/(-360)*1/3*-8. Suppose 2*t + 15 = -3*t. Let n = 5 + t. What is the highest common factor of n and a?
2
Let d = -296 - -549. Let q be (7 + -3)/(-8)*0. Suppose j + 5*g - 28 = -q*j, g - 47 = -2*j. What is the greatest common divisor of d and j?
23
Let g(a) = 4*a - 16. Let x be g(7). Let t b